{"id":31,"date":"2007-07-12T13:38:19","date_gmt":"2007-07-12T11:38:19","guid":{"rendered":"https:\/\/bueltge.de\/photos\/about\/"},"modified":"2021-03-01T13:18:24","modified_gmt":"2021-03-01T12:18:24","slug":"about","status":"publish","type":"page","link":"https:\/\/bueltge.de\/photos\/about\/","title":{"rendered":"About"},"content":{"rendered":"<p>Die Photographie ist schon lange ein Teil von mir, allerdings liebe ich das Spielen mit der Kamera und das Festhalten von Momenten vorrangig auf Reisen &#8211; dann, wenn das Motiv zum Staunen und Erinnern einl\u00e4dt und es einen f\u00f6rmlich zum fotografieren dr\u00e4ngt.<\/p>\n<h3>Los geht&#8217;s<\/h3>\n<p><a title=\"EXA 500\" href=\"https:\/\/bueltge.de\/wp-content\/photos\/exa500.jpg\"><img decoding=\"async\" class=\"alignright\" src=\"https:\/\/bueltge.de\/wp-content\/photos\/exa500.thumbnail.jpg\" alt=\"EXA 500\" \/><\/a>Angefangen hat alles mit der Kamera meines Gro\u00dfvaters, eine <strong>EXA 500<\/strong>. Mit dieser Kamera und einem Belichtungsmesser war der Lerneffekt sehr gro\u00df, aber auch die Entt\u00e4uschung nach dem Entwickeln war sehr oft dabei. Trotzdem finde ich die rein mechanischen Kameras noch immer interessant, ohne Strom und Elektronik kann man, bei ausreichendem Wissen und dem n\u00f6tigen Gl\u00fcck, erstaunlich tolle Bilder machen.<\/p>\n<h3>Zweite Runde<\/h3>\n<p><img decoding=\"async\" class=\"alignright\" src=\"https:\/\/bueltge.de\/wp-content\/photos\/dynax4.jpg\" alt=\"DYNAX 4\" \/>Die Vereinfachung der Photographie kam dann mit der <strong>Minolta Dynax 4<\/strong>. Der eingebaute Belichtungsmesser sorgte f\u00fcr schnelle Information und wenig Konflikte. Damit konnte man endlich auch mal Schnappsch\u00fcsse machen. Allerdings musste ich diese Kamera mit seiner gesamten Ausr\u00fcstung abgeben, ein Einbruch sorgte daf\u00fcr, dass ich eines Tages ohne Ausr\u00fcstung im Urlaub unterwegs war.<br \/>\nEin Objektiv ist mir geblieben, alles andere sorgt nun f\u00fcr sch\u00f6ne Bilder eines Italieners.<\/p>\n<p>Was ich an dieser Kamera unter anderem sehr mochte, war das Gewichtsverh\u00e4ltnis, der Super Steady Shot &#8211; Verwacklungsschutz in der Kamera und die Bedienung. Diese Gr\u00fcnde waren auf Reisen immer von Vorteil.<\/p>\n<h3>Das digitale Zeitalter<\/h3>\n<p>Der Nachfolger sollte dann digital sein, denn die DIA-Photographie wird auch immer kostspieliger und da nun keinerlei Ausr\u00fcstung mehr vorhanden war, viel die Entscheidung auf digitale Technik leichter. Obwohl ich den DIAs noch immer ein wenig nach trauere, vor allem, wenn ich die Bilder auf eine 3m-Leinwand projiziere. Nun bin ich also digital unterwegs. Das aktuelle Equipment ist in der folgenden Liste nachzulesen.<\/p>\n<h3>Technisches der aktuellen Ausr\u00fcstung<\/h3>\n<ul>\n<li>Kamera: Sony DSLR \u0391 100<\/li>\n<li>Objektiv I: Sony DT 18-70mm f\/3.5-5.6<\/li>\n<li>Objektiv II: Sony 75-300mm f\/4.5-5.6<\/li>\n<li>Objektiv III: Fisheye MC Zenitar-M 16mm f\/2.8<\/li>\n<li>Filter: UV- und Polfilter 55mm<\/li>\n<li>Verticaladapter: <a href=\"http:\/\/www.dicain.com\/\">DX-FBH<\/a> incl. 2Batterie-Adapter je 6 Mignon AA<\/li>\n<li>AA-Akkuladeger\u00e4t: <a href=\"http:\/\/www.silva-outdoor.de\/products\/inst_solar1.htm\">Silva Solar I<\/a><\/li>\n<\/ul>\n","protected":false},"excerpt":{"rendered":"<p>Die Photographie ist schon lange ein Teil von mir, allerdings liebe ich das Spielen mit der Kamera und das Festhalten von Momenten vorrangig auf Reisen &#8211; dann, wenn das Motiv zum Staunen und Erinnern einl\u00e4dt und es einen f\u00f6rmlich zum fotografieren dr\u00e4ngt. Los geht&#8217;s Angefangen hat alles mit der Kamera meines Gro\u00dfvaters, eine EXA 500.&hellip; <a class=\"more-link\" href=\"https:\/\/bueltge.de\/photos\/about\/\"><span class=\"screen-reader-text\">About<\/span> weiterlesen<\/a><\/p>\n","protected":false},"author":813,"featured_media":0,"parent":0,"menu_order":1,"comment_status":"closed","ping_status":"closed","template":"","meta":{"footnotes":""},"class_list":["post-31","page","type-page","status-publish","hentry","entry"],"_links":{"self":[{"href":"https:\/\/bueltge.de\/photos\/wp-json\/wp\/v2\/pages\/31","targetHints":{"allow":["GET"]}}],"collection":[{"href":"https:\/\/bueltge.de\/photos\/wp-json\/wp\/v2\/pages"}],"about":[{"href":"https:\/\/bueltge.de\/photos\/wp-json\/wp\/v2\/types\/page"}],"author":[{"embeddable":true,"href":"https:\/\/bueltge.de\/photos\/wp-json\/wp\/v2\/users\/813"}],"replies":[{"embeddable":true,"href":"https:\/\/bueltge.de\/photos\/wp-json\/wp\/v2\/comments?post=31"}],"version-history":[{"count":0,"href":"https:\/\/bueltge.de\/photos\/wp-json\/wp\/v2\/pages\/31\/revisions"}],"wp:attachment":[{"href":"https:\/\/bueltge.de\/photos\/wp-json\/wp\/v2\/media?parent=31"}],"curies":[{"name":"wp","href":"https:\/\/api.w.org\/{rel}","templated":true}]}}